 - 263. What is the highest common divisor of n and 43?
43
Suppose -3*t - 32 = t - 5*p, -2*p - 8 = 0. Let l(c) = c**3 + 11*c**2 - 30*c + 13. Let a be l(t). Calculate the greatest common divisor of a and 260.
65
Suppose -d - 136 + 246 = 3*g, 3*g - 100 = 4*d. Calculate the greatest common factor of g and 9.
9
Suppose 0*g = 4*g. Suppose 2*j + 0 - 4 = g. Suppose d - 18*d = -34. What is the highest common divisor of d and j?
2
Let k = -124 - -74. Let d = 78 - k. Calculate the greatest common divisor of 32 and d.
32
Let t = -11 - -15. Suppose -t*k = -32 + 8. Let a be -21*-26*1/k. Calculate the highest common divisor of a and 13.
13
Let j = -109 - -111. What is the highest common factor of j and 22?
2
Let i(j) = -2*j**2 - 8*j + 21. Let h be i(-5). Suppose -u = -h - 7. Suppose -2*q + 216 = q. Calculate the greatest common divisor of q and u.
18
Let z = -15 - -12. Let g be 2/(-12)*z*6. Suppose -i + c = -58, 15 = -i + g*c + 81. What is the highest common divisor of 27 and i?
27
Suppose 5*y - 4*w - 20 = 0, 16 = 2*y + 2*y + 4*w. Suppose 0*i + 5*d = y*i - 78, -4*i + 3*d = -74. What is the greatest common divisor of 17 and i?
17
Let d(t) = -t - 1. Let z be -2 + (4 + -19)/(-3). Let i be d(z). Let q be (5/10)/(i/(-840)). What is the highest common divisor of 15 and q?
15
Suppose 0 = -2*a - 2*a - 4*s - 160, 100 = -2*a + 2*s. Let w be 3/6 + 306/4. Let b = a + w. What is the highest common divisor of 8 and b?
8
Let l(k) = k**2 + 7*k + 8. Let u be l(-6). Suppose -u*z = -z - 9. Suppose -5*w + 98 = -r, 4*r - z*r - 15 = 0. What is the highest common divisor of w and 95?
19
Let k(d) = -22*d - 76. Let w be k(-6). What is the highest common divisor of w and 16?
8
Let g = 71 + -35. Let p be ((-2)/(-6))/(4/g). Let q = 294 + -291. Calculate the greatest common divisor of p and q.
3
Suppose -4*k = 5*d - 4954, -d + 986 = -20*k + 16*k. What is the greatest common factor of 36 and d?
18
Suppose -13 = 3*c - 55. Suppose 3*g - 76 - c = 0. What is the greatest common divisor of 6 and g?
6
Let w be (632/56 - 11) + 2105/7. Calculate the greatest common divisor of 14 and w.
7
Let f be 42/(-8) - (-15)/60. Let w(g) = 3*g**2 - 5*g - 1. Let x be w(f). Let h = -17 + 28. What is the highest common factor of x and h?
11
Let p(o) = o**2 - 12*o - 13. Let t be p(13). Suppose -2*m - l + 4 + 33 = t, 0 = -3*m + 2*l + 52. What is the highest common divisor of m and 144?
18
Suppose -3 = -o + 11. Suppose -42 = -4*l + o. Suppose 29*j - 27*j - 14 = 0. Calculate the greatest common divisor of j and l.
7
Let z = 618 - 607. Calculate the highest common factor of z and 1309.
11
Let b = 3769 + -1465. What is the highest common factor of 32 and b?
32
Suppose -7*w = -192 + 3. Let f = w + 5. What is the greatest common divisor of f and 32?
32
Let r be (-12)/8*52/(-6). Suppose 2 = k + 3*w - 8, 5*k = -4*w + 17. Let a be k + 35 - (3 + -6). What is the highest common factor of r and a?
13
Let i = -10 + 9. Let a(w) = -165*w + 1. Let f be a(i). Let d = -81 + f. What is the highest common divisor of d and 17?
17
Let b be (-6 - -2)/2*-2. Suppose 88 = -2*d - 24. Let c = d + 84. Calculate the highest common divisor of c and b.
4
Suppose 94 + 14 = 12*t. What is the greatest common divisor of 9 and t?
9
Suppose -183 = -68*c + 429. What is the greatest common factor of c and 81?
9
Let z = 14238 - 14233. Let w = -2 + 3. Calculate the highest common factor of z and w.
1
Suppose 3*q - 6*q + 12 = 0, -5*q = 5*b - 120. Let p = -328 - -488. Calculate the greatest common divisor of b and p.
20
Let w = 281 - 195. Calculate the highest common divisor of w and 129.
43
Let f(b) = 8*b + 24. Let h(j) = 17*j + 49. Let n(t) = -5*f(t) + 2*h(t). Let w be n(-5). Calculate the highest common factor of 1 and w.
1
Suppose w + 4*h = 14, -h = -5*w - 4*h + 104. Let n(z) = z**2 + 8*z + 5. Let i be n(7). Calculate the greatest common factor of w and i.
22
Let c be 2*-3 - (-13)/(65/95). What is the greatest common factor of 325 and c?
13
Let l = 294 - 270. What is the greatest common factor of 9 and l?
3
Let y = -937 - -1015. Calculate the greatest common factor of 24 and y.
6
Suppose 2*o = -w - 0*w + 16, -3*w + 103 = -5*o. Suppose x - 117 = -8*x. Calculate the highest common divisor of x and w.
13
Let c = -142 - 174. Let k = c - -460. What is the highest common factor of k and 16?
16
Suppose 4*r - 9*g = -13*g + 48, -g = 1. Calculate the highest common divisor of 2197 and r.
13
Let c be 0/((12/2)/3). Suppose 2*d = 5*n - c*d - 284, 4*d + 8 = 0. Calculate the greatest common divisor of 7 and n.
7
Suppose 447*m - 435*m - 576 = 0. Suppose -58 + 10 = -3*h. Calculate the highest common divisor of m and h.
16
Let j be (-1800)/(-112) - (-4)/(-56). Calculate the greatest common factor of 44 and j.
4
Suppose -5*m - 45 = 28*a - 29*a, 0 = 2*a + 4*m - 160. What is the highest common factor of a and 770?
70
Let w = 539 - 518. Suppose 0 = -4*m + 31 + 25. Calculate the greatest common factor of w and m.
7
Let a(d) be the second derivative of d**3/6 + 5*d**2/2 - 3*d. Let k be a(7). Suppose -9*j + 11*j = k. What is the greatest common divisor of 4 and j?
2
Let w(a) = 3*a**2 - 6*a + 5. Let t be w(-3). Suppose 4*v - 614 + 115 = s, v - 5*s - 120 = 0. What is the greatest common factor of v and t?
25
Let o = 912 + -633. Calculate the greatest common factor of 9 and o.
9
Let k = 7 + -5. Suppose -9*g = -7*g - k. Calculate the greatest common divisor of g and 8.
1
Let j = 27 + -36. Let c = j + 11. Suppose 0 = m + c*m - 33. What is the highest common divisor of 88 and m?
11
Suppose 1369 = -4*y + 4217. Suppose 4*l = 2*w + y, -272 - 96 = -2*l + 4*w. What is the highest common factor of 16 and l?
16
Let w = 148 + -130. Calculate the highest common factor of 126 and w.
18
Let k(u) = -10*u + 34. Let r be k(3). What is the greatest common divisor of 32 and r?
4
Suppose 4*j + 5*i = -10, -2*i = i - 6. Let c be 14 + j + (1 - 2). Let d be (60 - (0 + 4)) + 0. Calculate the greatest common divisor of d and c.
8
Let u be (1512/(54/(-9)))/(-2). What is the greatest common factor of u and 14?
14
Let t = -250 + 350. Let d(c) = 6*c - 10. Let w be d(5). Let h be (14 + -4)/(8/w). Calculate the greatest common divisor of h and t.
25
Let u be ((-345)/60)/(2/(-104)). What is the highest common divisor of u and 26?
13
Let c = -26 + 40. Suppose -2*w - 3*n + 2 = 0, -3*w + 8*w - 2*n = 43. Calculate the greatest common divisor of c and w.
7
Suppose -22*x - 20677 = -51*x. What is the highest common divisor of 31 and x?
31
Let q(f) = -f**2 - 8*f - 6. Let r be q(-4). Let k be (90/54)/(2 - (-23)/(-12)). What is the greatest common factor of k and r?
10
Let o be -3 + -10*(-4)/(24/21). What is the highest common divisor of o and 20?
4
Let g(o) = -o + 4*o**2 + o**2 - 3*o - o**3 + 2 - o. Let q be g(3). Let c be 799/5 + 1/q. What is the greatest common factor of 16 and c?
16
Suppose 0*q + 3*q = 90. Let v(c) = 9*c**2 - 5*c - 12. Let z be v(-3). Suppose -13*r - z = -20*r. What is the greatest common divisor of r and q?
6
Let n(u) = 15*u - 1. Let m be n(2). Suppose 5*q + m + 76 = 0. Let x = q - -37. What is the highest common divisor of x and 48?
16
Suppose v = 4*r + 759, 3*v - 5*r = 891 + 1400. What is the greatest common factor of 13 and v?
13
Suppose 0*k + 3*k - 297 = 0. Suppose -2*q + 3*c = 24, 3*c - 4 = c. Let m = q + 42. Calculate the highest common factor of k and m.
33
Suppose 16*c + 982 - 7382 = 0. Calculate the highest common divisor of c and 10.
10
Suppose g - 110 = 5*m, 4*g + 0*m - m - 383 = 0. What is the greatest common factor of g and 361?
19
Let p(y) = 12*y**3 - y. Let b(t) = -t**3 - 3*t**2 - 2*t + 1. Let k be b(-2). Let u be p(k). What is the greatest common factor of 55 and u?
11
Suppose -7156*m - 195 = -7169*m. Calculate the highest common factor of m and 70.
5
Let r(n) = n**2 + 20*n. Let v be r(-20). Let h(f) = -2*f + 171. Let g be h(v). Calculate the highest common divisor of g and 19.
19
Suppose 0 = w + 4*b - 14 - 32, -b = -4. What is the greatest common divisor of w and 20?
10
Let l(p) = p**2 + 9*p - 6. Let w be l(-9). Let n = -4 - w. Let x be (2/(-3))/(n/(-30)). What is the highest common divisor of x and 10?
10
Let t = 16 - 13. Suppose 0 = 5*f + 25, i + i + t*f = 905. What is the greatest common factor of 46 and i?
46
Suppose 2*f - 2 = 0, 4*p = -2*f - 12 + 682. Suppose -5*q = 433 - 